5 = 3*u - 3*x. What are the prime factors of u?
101
Suppose -4*s - 4 = d + 2*d, -4*s - d + 4 = 0. What are the prime factors of (-1)/(s*(-2)/84)?
3, 7
Let d(r) = -r**3 + 7*r**2 - 5*r - 3. Let w be d(6). What are the prime factors of 29/(2*w/6)?
29
Let c(q) = 42*q + 12. List the prime factors of c(4).
2, 3, 5
Let g(c) = -c + 9. Let l be g(7). Suppose -l*u = 3*u - 55. List the prime factors of u.
11
Suppose -2*m + 4*j - 8 = 0, -5*j = -2*m - m - 15. What are the prime factors of 166/18 - m/(-45)?
3
Let s(p) = 2*p + 14. Let w(j) = -4*j - 27. Let q(v) = 5*s(v) + 3*w(v). Let d(x) = -x**2 - 3*x + 2. Let i be d(2). List the prime factors of q(i).
5
Let m be (-2)/((2/5)/(-1)). Suppose 5*d = -3*s + 213, d - 2*d + 53 = -2*s. Suppose -d = -0*c - m*c. What are the prime factors of c?
3
Let a = 177 + -11. List the prime factors of a.
2, 83
Suppose -3*x = -2*r + 20 - 0, -2*x = -r + 12. Let u(h) = 9*h - 1. What are the prime factors of u(r)?
5, 7
Suppose 2*x = -5*q - 130, -4*x + 4*q - 3*q = 304. Let b be 4/18 + x/(-27). Suppose 46 = 7*n - b*n + 5*v, 0 = -n + v + 7. List the prime factors of n.
3
Let y(f) = 8*f**2. Let d(h) = -h**3 - 4*h**2 + 6*h + 4. Let g be d(-5). What are the prime factors of y(g)?
2
Let k(j) = j + 1. Let l be k(-2). Let b be (-4)/((-51)/45 - l). Suppose -5*q = 5*p - b, 0*q + p = q + 2. What are the prime factors of q?
2
Suppose 4*t - 313 = 5*a, -2*a + 229 = 3*t - 0*t. Suppose 3*y - t = 16. What are the prime factors of y?
31
Let g = 9 + -7. Suppose 4*n = -3*h + 48 - 15, -g*n + 39 = -3*h. What are the prime factors of n?
2, 3
Let x(k) be the second derivative of -k**3/6 + 13*k**2 - 4*k. List the prime factors of x(0).
2, 13
Let i be 1 - (-1 - (0 - 0)). Let k = i - 0. What are the prime factors of 6*k*1/2?
2, 3
Suppose -4*g = -5*g + 23. What are the prime factors of g?
23
Let z(p) be the third derivative of -p**4/6 - p**3 - 3*p**2. List the prime factors of z(-5).
2, 7
Let j(s) = -2*s - 13. Let g be j(10). Let t = -23 - g. What are the prime factors of t?
2, 5
Suppose 4*l - 6*l = -164. List the prime factors of l.
2, 41
Suppose j - 10 = -4*j. Let y(m) = -9 + 9*m + 0*m**2 - 3*m**2 + j*m**2. What are the prime factors of y(7)?
5
Let x(r) be the second derivative of r**3/6 + r**2 - 3*r. Let c be x(-2). Let v = 3 + c. List the prime factors of v.
3
Let y be (2/(-1))/((-2)/3). Suppose 4*z - o - 100 = -z, 32 = y*z + 5*o. Let w = z + -10. What are the prime factors of w?
3
Let w = -3 - -5. Let r(k) = w + k - 3*k**2 + k**2 + 3*k**3 - k**3. List the prime factors of r(2).
2, 3
Suppose f - 40 = 2*f. Let v = -29 - f. Suppose 3 - v = -b. List the prime factors of b.
2
Let m = -34 - -30. Suppose 3*z - z - 24 = 0. List the prime factors of 54/z*m/(-3).
2, 3
What are the prime factors of 69 - (-2)/((-4)/(-16)*2)?
73
Suppose -9 - 15 = 3*d. What are the prime factors of 2/d + 90/8?
11
Suppose 2*o + 0 = 4. Suppose -r + 2 + o = 0. Let f = r - -6. What are the prime factors of f?
2, 5
Let b be -2 + 2 + 4 + -5. Let i = 3 + b. What are the prime factors of i?
2
Let f = 22 - 2. Suppose -s + 79 = 4*u, 65 = 2*u - 5*s + f. Suppose -4*m + u = 2*k, 5*k - 20 = -4*m - 0*k. List the prime factors of m.
5
Let f = 5 + 28. Suppose -2*p = -2*y - 0*y + 42, 1 = -p - 3*y. Let v = p + f. What are the prime factors of v?
17
Suppose -22 = v + 2*u + 3, 0 = -3*v - 3*u - 60. Let g = v - -42. Suppose -3*m + 0*m + g = 0. List the prime factors of m.
3
Let z = 18 + -43. Let c = -8 - z. What are the prime factors of c?
17
Suppose 0 = -3*r + 4*r + z - 6, 23 = 4*r + 5*z. Suppose 2*d - r = 105. What are the prime factors of d?
2, 7
Suppose 3*o - 15 = 2*b, 2*o = 4*b - 5*b + 10. Suppose 0 = -4*d - 5*n + 15, b*n + n = -1. What are the prime factors of d?
5
Let v(r) be the second derivative of 2*r - 1/20*r**5 - 5/6*r**4 - 2*r**3 + 0 - 13/2*r**2. What are the prime factors of v(-9)?
2, 7
List the prime factors of 1*(-4 - -5) - -55.
2, 7
Let t = -1 + 3. Let g(d) = -t + d + 1 - 2. What are the prime factors of g(6)?
3
Let s = -141 + 335. What are the prime factors of s?
2, 97
List the prime factors of (41 - -2)/(4/(-8) - -1).
2, 43
Suppose k - 4*y = -11, 5*k - 21 = -3*y + 16. Suppose -m + k*o = -14 - 5, -5*o + 157 = 3*m. Suppose -l = 3*l - m. What are the prime factors of l?
11
Let l be 2*(5/2 - 1). Suppose -5*t - 5 = -4*r + l*r, -4*r = -3*t - 54. List the prime factors of r.
3, 5
Suppose 2*l + 24 = 5*l. Let f be (l/(-3))/((-4)/6). Suppose v - 5 = -d, -f*v - 2 = d + 8. What are the prime factors of d?
2, 5
Suppose 6*m - m - 10 = 0. Let u = m + 8. What are the prime factors of u?
2, 5
Let f be (-2)/(4/6) - -7. Let s(t) = 5*t - 5. What are the prime factors of s(f)?
3, 5
Suppose 4*z = 4, -4*n - 5*z + 28 = -1. Let u be (-1 - (-10)/n)*6. What are the prime factors of (2 + 22)*2/u?
2, 3
Suppose 2*v = 6*l - l, -2*l = 0. Suppose 5*y + 0*y = -2*r - 11, 3*y - 9 = v. What are the prime factors of -3 + 2 - (r - -2)?
2, 5
Let b(q) = -q. Let k be b(1). Let d be (k + 3)*6/2. Let w = 2 + d. What are the prime factors of w?
2
Suppose 3*s + 2*o - 20 = 0, 4*o = 3*s - o - 34. What are the prime factors of s?
2
List the prime factors of ((-36)/(-54))/(2/225).
3, 5
Let n be 6/15 + (-84)/(-15). Let c = -25 - -17. Let m = n - c. What are the prime factors of m?
2, 7
Let u = 79 - 46. List the prime factors of (-2)/((-105)/u + 3).
11
Let n(z) = 2*z**2 + 3*z + 1. Let d be n(-4). Suppose 2*v = -v + d. What are the prime factors of v?
7
Suppose 5 - 14 = 3*c. Let q(k) = -2*k**3 - 2*k**2 + k - 4. What are the prime factors of q(c)?
29
Suppose 0*s - 5*a + 76 = s, 0 = -4*s - 5*a + 289. List the prime factors of s.
71
Suppose 6 + 17 = -3*f - i, 5*f + 42 = 2*i. Let o = f + 11. Suppose -o*j + 7 = -5. List the prime factors of j.
2
Suppose -6 = -l - 3*w, 4*w = 2*l - 2 - 0. Suppose 67 = -5*d + 3*k - 145, -2*d - l*k - 68 = 0. Let g = d + 57. What are the prime factors of g?
17
Suppose g - 6 = -2*g. List the prime factors of g.
2
Suppose -22 = q - 5*a, 2*a = 5*q - a + 22. Let i(l) = -l**2 - 2*l + l**3 + 1 + 2*l**3 - 4*l**3. What are the prime factors of i(q)?
3
Let w be 2/(4/14)*-1. Let z = -12 - w. What are the prime factors of ((-20)/25)/(1/z)?
2
Suppose 3*y = -3*i + 150, 2*i = y - 0*i - 50. List the prime factors of y.
2, 5
What are the prime factors of (1 + 2)/((-21)/(-133))?
19
Let v(w) be the second derivative of -w**4/12 - 4*w**3/3 + 5*w**2 - 6*w. List the prime factors of v(-8).
2, 5
Let i(f) = f**2 + f - 1. Let t be i(0). Let y(n) = -13*n + 1. List the prime factors of y(t).
2, 7
Suppose -y = -3*l + 285, 4*y = 2*l - 24 - 166. List the prime factors of l.
5, 19
Suppose 5*f - 3*t - 84 = 0, -4*f - 2*t + 3 = -51. List the prime factors of f.
3, 5
Let u be 63/2*4/(-3). Let x = u - -70. What are the prime factors of x?
2, 7
Suppose -30 = 2*v + 44. Let h = -13 - v. List the prime factors of h.
2, 3
Suppose 0*o + 10 = o. Suppose 15 = 3*v, -v + o = -3*q + 44. What are the prime factors of q?
13
Let s = 77 - 8. What are the prime factors of s?
3, 23
Let z(l) = l**2 - 5*l - 8. Let d be z(7). Suppose d*r = 2*r + 16. Let k = r + 2. List the prime factors of k.
2, 3
What are the prime factors of (18/(-21))/((-1)/42)?
2, 3
Let b(v) = v**2 - 5*v + 1. Let t be b(5). What are the prime factors of (-3 - -5)/t + 2?
2
Let t be 2/3 + 7/21. List the prime factors of 8 - t*(2 + 1).
5
Let c be (-2)/(-2) + (-1 - -3). Suppose -n - 14 = -c*n. List the prime factors of n.
7
Let k(y) = y**2 - 2*y - 14. List the prime factors of k(11).
5, 17
What are the prime factors of ((-32)/(-10))/(18/45)?
2
Let d be 56/21 + (-2)/(-6). Suppose 18 = d*a - 4*f - 14, -5*a + 25 = -f. What are the prime factors of a?
2
Suppose 4*q - 22 = 3*x, -2*q = -4*x - 17 + 1. Let c be ((-2)/(-3))/(x/87). Let s = -15 - c. What are the prime factors of s?
2, 7
Let z(w) = 3*w**3 - 3*w + 11. List the prime factors of z(5).
7, 53
Let z = -20 - -11. Let k(f) = -2*f + 19. Let l(n) = -n + 9. Let o(a) = z*l(a) + 4*k(a). List the prime factors of o(7).
2
Let j = -53 + 57. List the prime factors of j.
2
Suppose -g - 16 = 3*g. Let u = -5 - g. Let d = 7 + u. What are the prime factors of d?
2, 3
Suppose -4*l - 5*i = -79, l + 0*i - 36 = 2*i. What are the prime factors of l?
2, 13
Let j(g) = -1 - 5*g + 9 - g + 7*g. List the prime factors of j(0).
2
Suppose 2*f - 5*x = -x - 10, 4*f + 3*x = 2. Let 